ose m + 2*x - 2 = 0, -5*m + 10 = -x - 2*x. Let t be (1*54)/(m/3). Suppose -3*f + 5*z = -f - t, 5*f - 255 = 2*z. Is f composite?
False
Suppose 2*i - 5*v - 24 + 2 = 0, -33 = -3*i - 3*v. Is i prime?
True
Let l(x) = -7*x**3 - 9*x**2 - 3*x + 8. Is l(-5) prime?
True
Let q(w) = -6*w**2 - 4*w + 3. Let n(l) = l**2 - l. Let u(t) = -5*n(t) - q(t). Is u(-10) a prime number?
True
Let f = -1 + -2. Is (6/(-9))/(f/117) a prime number?
False
Suppose 168 = -3*b - 3*d, 3*d + 0*d + 276 = -5*b. Let p = 82 + b. Is (-1 + -3)*(-833)/p a composite number?
True
Let q(j) = -j**2 - j - 6. Let u(v) = -v**3 + v**2 + v. Let z(f) = -q(f) - u(f). Let r be z(0). Let b = 1 + r. Is b a composite number?
False
Suppose 0 = -4*u + 8, -6*b + 1046 = -2*b + 5*u. Is b a composite number?
True
Let q = -2 + 6. Let k(c) = 5*c - 2. Let l be k(q). Is 10/3*l/15 composite?
True
Let p be (11 + -7)*(-2)/(-4). Suppose 5*w = -0*w - c + 300, -49 = -w + p*c. Is w a composite number?
False
Let d = 1 + 2. Suppose d*n = -0*n + 57. Is n composite?
False
Let m(u) = -5*u - 3. Suppose -3*j - 6 = -0. Is m(j) a prime number?
True
Let x(o) = o**2 - 6*o + 4. Let w be x(6). Suppose -39 + 3659 = -w*r. Let f = -598 - r. Is f a prime number?
True
Is 1306/14 + 2/(-7) a prime number?
False
Suppose 2*v + v = 6. Suppose r = -0*r + v. Suppose r*c + 3*c - 65 = 0. Is c a prime number?
True
Suppose 5*s + p + 725 + 60 = 0, 4*s + 5*p = -649. Let b = s - -239. Is b a prime number?
True
Suppose -4*u + 13007 = -u + 2*o, -4*u + 3*o = -17354. Is u a composite number?
False
Is 1/4 - 6441/(-12) a composite number?
True
Let b(l) = -l**3 + 15*l**2 - 2*l + 1. Is b(7) a composite number?
False
Suppose -3*f + 5*l = -135, -f - 3*l - 6 + 51 = 0. Is 10/(-4)*(-594)/f a prime number?
False
Let l = -124 + 603. Is l composite?
False
Suppose 3*f = -0*f + 411. Suppose -5*c + 4*c = 3*p - 376, 2*c + f = p. Is p composite?
False
Let r(x) = x**3 - 3*x**2 - x + 3. Let z be r(3). Suppose -4*l + 9 = -h, z = l + 4*h + 3 - 1. Let q = l - -13. Is q prime?
False
Suppose 4*c - 14 = 2*s, 5*c - 3*s = -0*s + 18. Suppose 0 = c*m + 12 - 69. Is m composite?
False
Suppose 4*g = -g + 20. Suppose -g*h + 55 = 3*b, 0 = 5*b - h - 30 - 31. Suppose t - b = 6. Is t prime?
True
Suppose 4*w - 14 + 2 = 0. Let x be (-318)/(-6) - 1*w. Suppose 2*q + 2*q = 2*a - x, 5*q = -a + 46. Is a a composite number?
False
Suppose -4*p + 6188 = 4*v, 0 = -4*p - 2*v + 1067 + 5113. Is p prime?
True
Let l(k) be the first derivative of k**3 + 3*k**2 - 2*k + 2. Let t be l(5). Let o = -72 + t. Is o a composite number?
False
Suppose -5*z + 8 = -9*z. Is z/8 - 2934/(-24) a prime number?
False
Let h = 3 + -4. Is h/(140/(-46) + 3) a prime number?
True
Suppose 0 = 4*s - 13*s + 11358. Is s a composite number?
True
Is (-2 + (-3670)/8)*-4 composite?
True
Is 3668 + 5 + -4 + 6/3 composite?
False
Suppose 5*r - 25 = -4*d + 7, 3*r - 9 = d. Is 4666/10 - r/(-10) composite?
False
Is 2/5 + (-1 - (-28790)/25) a prime number?
True
Suppose 4*p - 1459 = -0*y + 5*y, -4*p + 1464 = -4*y. Is p a composite number?
True
Let r = -170 - -61. Let p be (-72)/(-10)*(-40)/4. Let u = p - r. Is u composite?
False
Let r = 236 + 33. Is r a composite number?
False
Let f(y) = -103*y + 5. Is f(-2) composite?
False
Suppose 5*k = -4*a + 132, -2*a - 5*k = -6*a + 132. Suppose -2*y + a = -61. Is y a prime number?
True
Suppose 2*r = q - 112, -3*q + 37 = -4*r - 305. Is q a prime number?
False
Is -1 - 8*(-123)/2 composite?
False
Suppose z - 188 = 4*b, -4*b = -3*b - 4*z + 62. Let k = 43 - b. Is k a prime number?
True
Let a be 1*-335*(-5 - -8). Is (2/3)/((-10)/a) a prime number?
True
Let c(b) be the second derivative of 5*b**3/6 - 13*b**2/2 + b. Is c(10) a composite number?
False
Let q = -2 - -5. Suppose -q*k - p + 75 = 0, -2*p = -k + 4*k - 75. Is -2 + (k + 3 - 0) prime?
False
Suppose -4*a = -2*h - 178, 5*a = -h + 38 - 120. Let l = h - -124. Is l prime?
True
Is (-39 - 4)*-2 + 3 a composite number?
False
Let v be 2/((-1)/1) - -5. Suppose -2 = -v*z + 1. Suppose -34 = -x + z. Is x a composite number?
True
Let a(b) = b**3 + 6*b**2 - 10*b + 19. Is a(6) prime?
False
Suppose z + 0*z + 13 = 0. Let b = 22 - z. Is b a prime number?
False
Is (-29)/(-2 - (-108)/53)*-2 composite?
True
Let d(z) = 8*z. Let s be d(-1). Let y(k) = k**3 + 8*k**2 + 11. Is y(s) composite?
False
Suppose -f = 4*f - 545. Is f a composite number?
False
Let g be (2 - 7)*6/(-15). Suppose 4*d - 72 = -4*k, -g*k + 21 = -0*k - d. Is k composite?
False
Let m(s) = 3*s - 24. Let w be m(8). Let y be 2/(-5) + 4/10. Suppose w = -y*n + 4*n - 248. Is n a prime number?
False
Let z(k) = -2*k**3 + 2*k**2 + k. Let f be ((-10)/25)/((-2)/(-10)). Is z(f) prime?
False
Let q(c) = c**3 - 4*c**2 - c - 5. Let b be q(4). Let v(a) = -a + 2. Is v(b) a prime number?
True
Is 27*42/2 - -4 composite?
False
Let b(r) = -r**3 - 7*r**2 - 9*r - 10. Is b(-7) a composite number?
False
Suppose 12 - 4 = 2*g. Suppose -g*p - 117 = v, -v - 3*p - 72 = -8*p. Let m = -14 - v. Is m a prime number?
True
Let g(m) = -3*m + 13. Is g(-14) prime?
False
Suppose 5*q - 392 - 153 = 0. Is q composite?
False
Let q = -70 + 32. Let h(r) = r**3 - 6*r + 5. Let k be h(4). Let i = k - q. Is i prime?
True
Is -4*(-2)/16*590 prime?
False
Suppose -4*d = -5 - 3. Suppose -4*w = -5*h - 7, 4*w + 3 = 2*h + 13. Suppose 0 = -2*j + 4, d*j - h = -y + 3*j. Is y a composite number?
False
Is 190/19*166/4 composite?
True
Suppose 13*o - 15*o = 4. Is (2 + 111 + o)*1 composite?
True
Let a(u) be the first derivative of -41*u**2/2 + 4*u + 5. Is a(-3) prime?
True
Suppose 4*l + 161 = -463. Let j = l + 463. Is j composite?
False
Let y(v) = -6*v**3 - v**2 - 6*v + 10. Is y(-6) composite?
True
Let f be 3*5/(5/3). Suppose 3*q - 6*q = -f. Suppose q*r - 378 = -5*n, 3*r = 7*r - 4*n - 536. Is r prime?
True
Suppose -2*b + 23 + 29 = 0. Is b prime?
False
Suppose 22825 = 5*p + 10*h - 5*h, 0 = 4*p + h - 18266. Is p composite?
False
Suppose 0*b = -b + 4. Suppose b*r - 1299 = -r + u, 271 = r - 3*u. Is r a prime number?
False
Suppose 5*k - z - 2*z = 53, 6 = k + 4*z. Is k prime?
False
Suppose -k - f + 3 = 0, 7 = 8*k - 4*k + 5*f. Suppose 0 = 5*q - 4*q - 27. Let m = q + k. Is m a composite number?
True
Let h be (-4 + 6)*83/2. Suppose h + 27 = 2*f. Is f a composite number?
True
Let f be (-3)/(-2) - (-2581)/2. Suppose -f = -c - 3*c. Suppose g - 82 = t, 4*g + 2*t - 5 = c. Is g prime?
False
Is (4/8*-6742)/(1/(-1)) composite?
False
Let f be ((-16)/3)/((-20)/210). Suppose 0 = 4*s - 1708 + f. Is s composite?
True
Let i = -375 + 1156. Is i a composite number?
True
Let n = -308 + 525. Is n composite?
True
Is 663/2*(-2)/(-3) composite?
True
Suppose -3*r + 1312 = -3*g - 779, -697 = -r + 2*g. Is r a composite number?
True
Suppose -x + 998 = 5*j, 0 = -5*x - 5*j + 3981 + 989. Is x a prime number?
False
Let x(b) = 8*b**2 - 4*b + 1. Let l be 2 - (-1 + (1 - -6)). Is x(l) a prime number?
False
Suppose -3*c = 2*w - w - 450, 587 = 4*c - 3*w. Is c a prime number?
True
Suppose 5*m = -3*w - 0*m + 727, 2*w + 2*m - 490 = 0. Is w a composite number?
True
Let r(x) be the second derivative of x**4/12 - 5*x**3/6 + 4*x**2 + 3*x. Let z be r(7). Is (7 - -3)/(4/z) prime?
False
Suppose -4*a = 5*y - 989, 0 = 3*a - 8*a - 3*y + 1246. Is a a prime number?
True
Let j(g) = g**2 + g + 3. Let n(f) = 30*f**2. Let p be n(1). Let t be 2/(-5) + (-138)/p. Is j(t) a composite number?
False
Is (-8)/10 - (57312/(-15) - 1) a composite number?
False
Is (4/4)/(1581/789 - 2) composite?
False
Let z = -5801 + 8800. Is z a composite number?
False
Let t(u) = u**2 + u. Let p be t(-3). Suppose p = -2*h + 2. Is (6/9)/(h/(-63)) prime?
False
Let q(u) = 53*u**2 + u. Let x(o) = -54*o**2 - o. Let p(w) = -3*q(w) - 4*x(w). Is p(1) prime?
False
Let t = -18 + 47. Suppose -3*a + 2*z = t, -4*a + 3*a = 2*z - 1. Let j(n) = n**2 + 5*n - 7. Is j(a) a prime number?
True
Let x = -3 + 5. Suppose 3*h = x*h + 38. Is h composite?
True
Suppose -116 = -y + 4*p + 5, 2*p + 413 = 3*y. Is y a prime number?
False
Suppose n + 0*n = 0. Suppose f + n*f - 2 = 0. Is 1*(31 - (-2 + f)) prime?
True
Let q(g) = -g**3 + 2*g**2 - 7. Let i be q(4). Let m = i + 158. Is m a prime number?
False
Suppose 18*w = 23*w - 65. Is w a composite number?
False
Let d be ((-12)/(-10))/(6/20). Suppose -d*a + 115 + 81 = 0. Suppose 2*k - 109 = a. Is k a prime number?
True
Suppose -3*h + 106 = 4*j, 2*h - 3*j 